f 291?
True
Does 112 divide 23395734?
False
Is 416 a factor of 39760448?
True
Is 2998947 a multiple of 147?
True
Is 8 a factor of 56674030?
False
Does 3430 divide 268600061?
False
Does 92 divide 1608923784?
True
Does 41 divide 72906077?
True
Is 46 a factor of 257844968?
False
Is 383 a factor of 9418818?
False
Does 11 divide 1910303230?
True
Is 3598711656 a multiple of 12?
True
Is 39 a factor of 53074983?
True
Is 1036 a factor of 35479795?
False
Is 886008227 a multiple of 73?
True
Does 268 divide 3143343?
False
Does 13 divide 1938689?
False
Is 6 a factor of 11830764?
True
Is 59076920 a multiple of 47?
False
Is 1183 a factor of 652404389?
True
Is 288764715 a multiple of 15?
True
Is 135964320 a multiple of 480?
True
Is 4295689952 a multiple of 542?
False
Does 663 divide 135466149?
True
Is 625973860 a multiple of 1968?
False
Is 47 a factor of 33227422?
False
Is 167 a factor of 2358763277?
True
Is 414375313 a multiple of 2999?
False
Is 830264815 a multiple of 3357?
False
Is 10 a factor of 154218010?
True
Does 993 divide 826050511?
False
Is 37 a factor of 894541039?
False
Is 103673130 a multiple of 11?
True
Is 262845833 a multiple of 15?
False
Is 17 a factor of 909056691?
True
Is 19 a factor of 159985377?
True
Is 230140456 a multiple of 23?
False
Is 13 a factor of 11786265?
False
Does 117 divide 50483376?
False
Is 916 a factor of 1566883036?
True
Is 342 a factor of 34448634?
True
Does 55 divide 2369455?
True
Does 84 divide 18439731?
False
Is 104 a factor of 13494728?
True
Is 1651 a factor of 29651960?
True
Is 44 a factor of 323014250?
False
Is 3 a factor of 230190746?
False
Is 4465 a factor of 170402260?
True
Is 22619628 a multiple of 9?
True
Is 52848250 a multiple of 175?
True
Does 51 divide 142588554?
True
Is 31778943 even?
False
Is 136 a factor of 867308584?
True
Does 19 divide 72885387?
True
Is 598 a factor of 802281?
False
Is 985805939 a multiple of 39?
False
Is 359917630 a multiple of 3797?
True
Does 37 divide 52959898?
False
Does 63 divide 252991809?
True
Does 4 divide 448548184?
True
Is 2921 a factor of 620169194?
True
Is 16847262 a multiple of 18?
True
Does 6 divide 58155650?
False
Is 19 a factor of 4181123?
False
Is 142974140 a multiple of 155?
False
Is 18567738 a multiple of 26?
False
Is 541 a factor of 42801276?
False
Does 5 divide 227180342?
False
Is 70 a factor of 38937730?
False
Is 1106 a factor of 5639562621?
False
Is 11954940 a multiple of 23?
True
Does 2 divide 50038976?
True
Does 11 divide 208336416?
False
Does 52 divide 894843831?
False
Is 1176739243 a multiple of 1905?
False
Is 12685325 a multiple of 25?
True
Is 3 a factor of 34225313?
False
Does 14 divide 77354942?
True
Does 12 divide 2255040?
True
Is 2729818516 a multiple of 13?
False
Is 799553941 a multiple of 23?
False
Does 17 divide 96052567?
True
Does 233 divide 1661511881?
False
Does 797 divide 303074590?
False
Is 6 a factor of 139928898?
True
Does 22 divide 153824176?
True
Does 24 divide 28657933?
False
Does 8 divide 160328?
True
Is 52 a factor of 81400305?
False
Is 233 a factor of 68470101?
False
Does 67 divide 4127033?
False
Is 61 a factor of 1032671745?
True
Is 512618544 a multiple of 9?
True
Is 44 a factor of 108184337?
False
Is 232848 a multiple of 12?
True
Is 43908345 a multiple of 4953?
True
Is 75858588 a multiple of 23?
False
Is 896 a factor of 600748359?
False
Is 208324512 a multiple of 704?
False
Is 31766637 a multiple of 831?
True
Is 176 a factor of 13555344?
True
Is 72 a factor of 23040000?
True
Is 4323310256 a multiple of 34?
True
Is 51 a factor of 26470530?
True
Is 7 a factor of 270647419?
True
Is 3949 a factor of 24580449?
False
Does 1323 divide 58296672?
True
Is 3167 a factor of 987106395?
True
Is 171763751 a multiple of 1058?
False
Is 5 a factor of 48347975?
True
Is 54077465 a multiple of 135?
False
Is 461656274 a multiple of 2203?
True
Is 41 a factor of 278973061?
True
Is 14 a factor of 14189434?
True
Does 14 divide 412601?
False
Is 91117356 a multiple of 11?
True
Does 298 divide 94739110?
False
Does 648 divide 177751584?
True
Is 14 a factor of 2049949888?
True
Is 1971 a factor of 98518464?
True
Is 887 a factor of 736921374?
True
Is 52553529 a multiple of 189?
True
Is 81218920 a multiple of 95?
True
Does 47 divide 31382650?
False
Is 3686 a factor of 494456022?
False
Does 2400 divide 23407200?
True
Does 712 divide 975794858?
False
Does 33 divide 862545420?
True
Is 365646561 a multiple of 959?
True
Does 15 divide 203164980?
True
Does 551 divide 33723955?
True
Is 4 a factor of 3006495?
False
Is 223093197 a multiple of 27?
True
Does 593 divide 82911853?
False
Does 100 divide 58445700?
True
Does 77 divide 79569945?
False
Does 291 divide 1958915031?
False
Is 40190635 even?
False
Is 37 a factor of 29466134?
True
Is 1600999 a multiple of 9?
False
Is 270334890 a multiple of 63?
True
Does 28 divide 1313578917?
False
Does 3146 divide 11783139?
False
Is 206753040 a multiple of 1040?
True
Does 20 divide 91763816?
False
Is 33977163 a multiple of 121?
True
Is 154144303 a multiple of 332?
False
Is 2128 a factor of 6532960?
True
Does 1822 divide 4921623606?
False
Is 345545021 a multiple of 56?
False
Is 133 a factor of 13172852?
True
Does 3968 divide 532817238?
False
Is 7 a factor of 21868225?
False
Is 12 a factor of 28332607?
False
Is 1134 a factor of 1202239330?
False
Is 151797840 a multiple of 959?
False
Is 505 a factor of 42569985?
True
Is 85 a factor of 74599575?
False
Does 14 divide 10493337?
False
Is 7 a factor of 158129748?
True
Is 25 a factor of 570506875?
True
Is 3662529 a multiple of 39?
True
Does 859 divide 60491394?
False
Is 10 a factor of 503159?
False
Does 933 divide 16733235?
False
Is 1909 a factor of 1475082802?
False
Is 73491443 a multiple of 3?
False
Is 252057403 a multiple of 82?
False
Is 5320735 a multiple of 541?
True
Is 253 a factor of 1955004370?
True
Is 17531182 a multiple of 364?
False
Does 1380 divide 1010796097?
False
Is 43 a factor of 56605458?
True
Is 1972 a factor of 78431319?
False
Is 39125814 a multiple of 754?
True
Does 18 divide 144561686?
False
Is 45 a factor of 154131682?
False
Is 14 a factor of 3778858?
False
Does 119 divide 2039521684?
False
Is 52 a factor of 2967900?
True
Is 93756910 a multiple of 26?
True
Is 2502034180 a multiple of 20?
True
Is 647712576 a multiple of 4032?
True
Is 10447 a factor of 2995081771?
True
Is 8 a factor of 324042580?
False
Is 459016192 a multiple of 842?
False
Is 169983817 a multiple of 110?
False
Does 42 divide 11534042?
False
Is 8 a factor of 4503096?
True
Does 231 divide 9626925?
True
Is 24345337 a multiple of 558?
False
Is 805 a factor of 4267305?
True
Is 118440880 a multiple of 243?
False
Does 12 divide 742415092?
False
Is 3446366 a multiple of 98?
True
Does 2266 divide 561263274?
True
Is 103 a factor of 32178185?
False
Is 29 a factor of 401511259?
False
Is 226046947 a multiple of 82?
False
Is 129030742 a multiple of 52?
False
Is 9871225 a multiple of 2635?
False
Does 251 divide 26876?
False
Is 342 a factor of 227069190?
True
Is 4416 a factor of 703576079?
False
Does 55 divide 41226275?
False
Is 480428452 a multiple of 532?
True
Is 1244191214 a multiple of 3356?
False
Is 16 a factor of 388148738?
False
Is 36 a factor of 3345596676?
True
Is 24431446 a multiple of 611?
True
Is 32350318 a multiple of 26?
True
Is 27157670 a multiple of 10?
True
Does 2 divide 335381490?
True
Does 512 divide 12748358?
False
Is 90 a factor of 758561940?
True
Is 8 a factor of 23655260?
False
Is 583 a factor of 189032503?
True
Does 985 divide 28208316?
False
Is 479877849 a multiple of 58?
False
Is 22 a factor of 5534979626?
True
Is 17 a factor of 9329634?
True
Is 152 a factor of 244466909?
False
Does 27 divide 852832233?
True
Is 416497665 a multiple of 141?
False
Does 377 divide 15404785?
False
Does 363 divide 947049252?
False
Does 19 divide 3303150?
True
Is 10 a factor of 2517724680?
True
Is 570442752 a multiple of 136?
True
Is 23408112 a multiple of 182?
True
Does 12 divide 64719490?
False
Does 20 divide 300758180?
True
Is 385390224 a multiple of 10?
False
Does 59 divide 130687301?
True
Is 156 a factor of 64034256?
True
Is 152 a factor of 626360080?
True
Is 801 a factor of 793638949?
False
Is 2861 a factor of 49718638?
False
Is 128 a factor of 658263657?
False
Is 3224439 a multiple of 183?
False
Does 1521 divide 21085